 composite?
False
Is 122103622441 prime?
True
Is 58246697827 a composite number?
True
Is 199222249 a prime number?
False
Is 61034062849 prime?
True
Is 8619228091 a composite number?
False
Is 332711011 a composite number?
True
Is 832686317 a composite number?
False
Is 1555942837 a composite number?
False
Is 873816323 a composite number?
False
Is 757509287 composite?
False
Is 25321586699 a prime number?
True
Is 439781994301 a prime number?
False
Is 10899720449 a composite number?
False
Is 429472501 prime?
True
Is 6561144503 a composite number?
False
Is 4898356663 composite?
True
Is 1545951509 a prime number?
False
Is 9573377357 prime?
False
Is 3585140969 a prime number?
True
Is 2654693093 a composite number?
True
Is 169983586439 a composite number?
True
Is 20355800027 prime?
True
Is 3409319339 prime?
False
Is 136461331 a prime number?
False
Is 88235785153 a prime number?
True
Is 257168077 composite?
True
Is 4874429843 prime?
True
Is 1901251301 prime?
False
Is 59957837 a prime number?
True
Is 71053573493 a prime number?
False
Is 21287691857 prime?
False
Is 14793880271 a prime number?
False
Is 48943305223 a prime number?
True
Is 14344537829 a prime number?
False
Is 8122612973 composite?
False
Is 4747016327 composite?
True
Is 13105043099 a composite number?
True
Is 17001069217 prime?
False
Is 16918515631 prime?
False
Is 18162308321 composite?
False
Is 12439532899 a composite number?
True
Is 16209037979 composite?
True
Is 124832471773 composite?
False
Is 111857507 composite?
True
Is 151604477597 a composite number?
False
Is 31654233337 prime?
False
Is 598388477 prime?
True
Is 9273481649 a prime number?
True
Is 12419011469 a prime number?
True
Is 1600343531 a composite number?
False
Is 60552524569 prime?
True
Is 91955540051 prime?
True
Is 1892718559 prime?
True
Is 2243963057 composite?
True
Is 8967617201 a composite number?
True
Is 10590368413 composite?
False
Is 2708655343 a prime number?
True
Is 2288014349 a prime number?
False
Is 49848928429 a composite number?
False
Is 12122643709 prime?
False
Is 71962052633 a prime number?
False
Is 3837631961 composite?
True
Is 87553810367 a composite number?
False
Is 33659283443 prime?
False
Is 1023643051 a composite number?
False
Is 33236543 a prime number?
False
Is 35502661 a prime number?
True
Is 584466551 composite?
True
Is 64423162799 composite?
False
Is 63575363351 composite?
False
Is 754014643 a prime number?
False
Is 1345587707 composite?
True
Is 221514871 prime?
False
Is 2488523183 a composite number?
False
Is 8376851687 a composite number?
False
Is 970430561 prime?
False
Is 556368667 a composite number?
True
Is 65023455787 a composite number?
True
Is 26413667359 a prime number?
False
Is 2054692595 a composite number?
True
Is 82572132571 a composite number?
False
Is 47906710381 composite?
False
Is 41018344933 composite?
False
Is 114554039 composite?
False
Is 3207085337 composite?
True
Is 761464411 a prime number?
False
Is 6151004861 a composite number?
False
Is 41097610121 a composite number?
True
Is 10347487753 composite?
False
Is 172221671 a prime number?
True
Is 391670041 composite?
True
Is 438285373 composite?
False
Is 2592545789 composite?
True
Is 906911207 a prime number?
False
Is 8380148287 a composite number?
True
Is 25781362777 composite?
True
Is 6789466799 composite?
False
Is 15988834607 a composite number?
False
Is 9574844311 a composite number?
False
Is 53717321 a composite number?
True
Is 981863243 a composite number?
False
Is 235786463 a composite number?
True
Is 2311319377 prime?
True
Is 13424817221 prime?
False
Is 29709477241 prime?
False
Is 317837843 a prime number?
False
Is 57124286609 composite?
True
Is 12153939799 a prime number?
True
Is 53808943 a prime number?
False
Is 21378155077 a composite number?
False
Is 2858184179 a prime number?
True
Is 10642784983 composite?
False
Is 1567987783 a prime number?
False
Is 106471007 a composite number?
True
Is 605697017 composite?
False
Is 423162757 a composite number?
False
Is 14002817321 a composite number?
False
Is 463009114787 a composite number?
False
Is 150642136289 composite?
False
Is 7819435621 a composite number?
False
Is 51514538011 prime?
True
Is 4681477451 a composite number?
True
Is 3759290113 a composite number?
True
Is 14983965323 a composite number?
True
Is 2308762607 prime?
True
Is 1261063847 a composite number?
True
Is 12126223 composite?
False
Is 88892951 a composite number?
True
Is 2600519585 prime?
False
Is 3379352827 prime?
True
Is 59489384321 a composite number?
False
Is 3076199293 a composite number?
True
Is 27067796341 a composite number?
False
Is 8431107577 prime?
False
Is 3369043393 prime?
True
Is 3314349757 prime?
True
Is 7722414797 a composite number?
True
Is 1123220197 a composite number?
True
Is 694747477 composite?
False
Is 312528637 composite?
False
Is 8727696323 prime?
True
Is 5599900769 prime?
True
Is 321108647 a composite number?
True
Is 95193630289 prime?
False
Is 18720665639 a composite number?
True
Is 271044427 prime?
False
Is 480657809 composite?
False
Is 2850652439 a composite number?
False
Is 5380062817 prime?
False
Is 7279279034 a composite number?
True
Is 1098030299 a prime number?
True
Is 578541391 composite?
True
Is 4416001559 composite?
False
Is 4376200117 a composite number?
True
Is 233433619 a composite number?
False
Is 20279297109 composite?
True
Is 1511104319 a composite number?
False
Is 890203289 prime?
False
Is 16371410843 a composite number?
False
Is 25562014141 composite?
False
Is 22430101097 composite?
False
Is 61448807599 a prime number?
True
Is 8530496318 a prime number?
False
Is 547492781 a composite number?
True
Is 700354409 prime?
True
Is 62571094147 a composite number?
True
Is 17386943683 prime?
True
Is 8922173191 prime?
False
Is 47333215727 a composite number?
True
Is 8018477 a prime number?
True
Is 115841261 a prime number?
False
Is 450763301 prime?
True
Is 44572060783 prime?
True
Is 344722405 a prime number?
False
Is 257634719 composite?
False
Is 6870548207 prime?
False
Is 18796640539 a prime number?
False
Is 130248389 prime?
True
Is 2530630811 prime?
False
Is 6559908437 composite?
False
Is 34107607 a composite number?
False
Is 38386936981 a composite number?
False
Is 6727589398 a prime number?
False
Is 12331461919 a prime number?
False
Is 546774281 a prime number?
False
Is 111280159759 a composite number?
False
Is 196933343 a composite number?
False
Is 2550409841 a composite number?
True
Is 5447740841 a prime number?
True
Is 4355357537 a prime number?
False
Is 14452505293 prime?
True
Is 1173044539 a prime number?
False
Is 833768715919 prime?
True
Is 845667677 composite?
True
Is 47289460199 a prime number?
False
Is 122404297 a prime number?
True
Is 28457512553 a composite number?
False
Is 1084808483 prime?
False
Is 706476253 a composite number?
True
Is 135574921 a prime number?
True
Is 41800522721 a composite number?
False
Is 798794323 prime?
False
Is 26620620281 a composite number?
False
Is 8305738561 prime?
False
Is 2808796379 composite?
True
Is 6065264899 a composite number?
True
Is 1145819903 prime?
True
Is 4402149019 prime?
True
Is 758824037 a composite number?
False
Is 1089181967 a composite number?
True
Is 443830267 composite?
True
Is 39964029059 a composite number?
False
Is 50743225283 composite?
True
Is 19704212921 prime?
True
Is 138176632969 composite?
False
Is 1432368127 a composite number?
True
Is 366524759 prime?
True
Is 275318777 composite?
False
Is 2869079333 a prime number?
True
Is 246500711 composite?
True
Is 1201607609 a prime number?
False
Is 1189863599 composite?
True
Is 5783299241 a prime number?
False
Is 237725055187 a composite number?
True
Is 7564449259 a composite number?
True
Is 8372955289 a prime number?
True
Is 248702693 composite?
False
Is 49141157837 composite?
True
Is 14846336513 a composite number?
False
Is 283055557 prime?
False
Is 470129587 a prime number?
True
Is 5143031647 a prime number?
False
Is 1017792491 a composite number?
True
Is 1639536557 composite?
False
Is 508670579 a prime number?
True
Is 52096173527 a prime number?
True
Is 10322109437 a composite number?
False
Is 30228032803 prime?
False
Is 22105602653 a prime number?
False
Is 1042656018563 a composite number?
False
Is 40703725355 prime?
False
Is 2038987 a composite number?
Tru